 5?
24031310
What is -100111100000101000 (base 2) in base 13?
-58878
Convert 21000002110 (base 3) to base 16.
21a77
-1183738 (base 12) to base 15
-4746e5
What is -6261321 (base 7) in base 10?
-754419
What is -2065062 (base 7) in base 6?
-5220103
What is -4010403 (base 5) in base 11?
-43560
Convert 1069447 (base 12) to base 13.
856165
8b613b (base 16) to base 12
3086137
What is -12010001112000 (base 3) in base 6?
-134124213
4c08c4 (base 13) to base 10
1829416
-112000001022021 (base 3) to base 2
-11100011000101011100110
5304264 (base 7) to base 12
26a586
What is 1b4c15 (base 14) in base 9?
1743651
What is 11011101000011001011 (base 2) in base 8?
3350313
What is 23231033030 (base 4) in base 8?
13551714
Convert -3402667 (base 9) to base 11.
-1041891
-13276 (base 15) to base 11
-42078
Convert 52342 (base 7) to base 14.
4992
Convert -839a0 (base 16) to base 9.
-1011373
Convert 10120212212012 (base 3) to base 9.
3525765
1411343141 (base 5) to base 11
2054019
1010001110100011000110 (base 2) to base 16
28e8c6
100101212120100 (base 3) to base 12
180b930
23203200212 (base 4) to base 12
1020ab2
Convert 18a8aa (base 15) to base 10.
1200085
What is 10011011101001001 (base 2) in base 7?
451221
What is -1c44d8 (base 16) in base 2?
-111000100010011011000
What is 69947 (base 12) in base 5?
14010234
What is -111340404 (base 5) in base 7?
-4135045
43350545 (base 7) to base 6
211303035
What is -415642 (base 11) in base 8?
-2425240
Convert -1bb0a (base 15) to base 5.
-10341420
21110102001 (base 4) to base 6
124203133
What is -14872660 (base 9) in base 14?
-db5546
What is 12533302 (base 8) in base 6?
135555414
Convert -465506 (base 7) to base 9.
-136608
Convert -37a77 (base 12) to base 15.
-1770a
What is 1175be (base 15) in base 2?
11001011110101110001
Convert -93238 (base 12) to base 11.
-1213a3
-102121313 (base 4) to base 2
-10010011001110111
Convert -10201102202 (base 3) to base 13.
-27431
Convert -3410031 (base 5) to base 8.
-165160
Convert -11270 (base 10) to base 15.
-3515
What is 7f63b (base 16) in base 9?
874673
Convert -d1df (base 16) to base 3.
-2201200220
What is 1322130031 (base 4) in base 13?
147373
What is -30526253 (base 7) in base 4?
-21301121330
What is -32443202 (base 5) in base 14?
-745d2
Convert -113303344 (base 6) to base 15.
-2be357
Convert -1002110010010 (base 3) to base 16.
-8d837
Convert -81cec (base 16) to base 10.
-531692
Convert 130310404 (base 5) to base 6.
21340144
-3100332 (base 6) to base 7
-1154054
c26d1 (base 15) to base 7
5143216
Convert 101100101011101111 (base 2) to base 12.
89abb
Convert 3b864 (base 15) to base 10.
190894
-3311823 (base 9) to base 15
-252389
Convert -207501 (base 9) to base 11.
-84960
What is 18cd5c (base 15) in base 16?
126e4f
7b275 (base 12) to base 9
270628
Convert 1095405 (base 13) to base 5.
2301024044
Convert -81077 (base 10) to base 16.
-13cb5
4536216 (base 7) to base 10
564003
Convert 3354335 (base 7) to base 12.
181332
Convert 103410142 (base 5) to base 8.
1560160
Convert 401436 (base 9) to base 3.
110001111020
What is 40505245 (base 7) in base 10?
3380053
What is -4313432 (base 5) in base 3?
-10201010102
Convert 1151136 (base 7) to base 12.
71000
Convert -21222120 (base 7) to base 8.
-6703174
10200130 (base 5) to base 16
149bf
What is -2a6599 (base 11) in base 2?
-1110100100000011011
1db1aa (base 14) to base 9
2006622
Convert 20112332333 (base 4) to base 16.
216fbf
What is 2093cd (base 15) in base 6?
53115521
-2b8ba4 (base 13) to base 8
-4066146
1101232414 (base 5) to base 14
458ccb
-71915 (base 11) to base 16
-199db
Convert 24b11b (base 12) to base 6.
20504435
Convert 214110120 (base 5) to base 7.
10603501
What is 1022100001212 (base 3) in base 13?
1b4763
-2156654 (base 9) to base 12
-47b111
Convert -25b9253 (base 12) to base 11.
-42359a4
What is -681976 (base 11) in base 2?
-100001001000111110001
Convert 192537 (base 11) to base 2.
1001000010010111111
What is -1f113a (base 16) in base 14?
-3addc6
What is -5420403 (base 6) in base 12?
-10a703
Convert -11737638 (base 9) to base 7.
-66620525
Convert -1706151 (base 10) to base 6.
-100322503
Convert -6006436 (base 10) to base 5.
-3014201221
Convert -241330420 (base 5) to base 3.
-2002221100201
13744 (base 9) to base 14
35a3
Convert -10010000010101001 (base 2) to base 6.
-1330041
What is 6d9c (base 14) in base 11?
1342a
What is 164516222 (base 7) in base 5?
10340442023
Convert 111110000102100 (base 3) to base 15.
962190
What is -201545c (base 13) in base 14?
-1404aa9
What is 1101233444 (base 6) in base 16?
b46c64
a72782 (base 11) to base 9
3205648
16715767 (base 8) to base 11
2229060
-3234152 (base 6) to base 5
-20112330
-23011504 (base 6) to base 11
-43a090
What is 546206 (base 9) in base 3?
121120020020
103121021211 (base 4) to base 3
100120021121000
Convert 661551 (base 8) to base 13.
7a0c4
What is 2439679 (base 10) in base 6?
124142451
Convert -574070 (base 10) to base 14.
-10d2d0
Convert -231052 (base 7) to base 16.
-a0ed
1efd9 (base 16) to base 10
126937
50534043 (base 6) to base 10
1443339
What is 70693 (base 15) in base 8?
1267027
What is 110011001100011110101011 (base 2) in base 5?
11413423314
453025510 (base 6) to base 11
4733382
What is 413131113 (base 5) in base 14?
320c02
What is -120101200220 (base 3) in base 11?
-197756
Convert 101020100222 (base 3) to base 14.
535cd
What is -1100101011111000 (base 2) in base 10?
-51960
Convert 5b8b16 (base 16) to base 11.
3428474
-1011100101000000010100 (base 2) to base 10
-3035156
a8bb7 (base 12) to base 3
102022202211
What is -3a95533 (base 11) in base 14?
-d1c61c
Convert -3046174 (base 11) to base 15.
-714775
3103014 (base 5) to base 2
1100010011010000
Convert 32014 (base 13) to base 15.
1ba64
485ecc (base 16) to base 13
ca0a35
3ce70 (base 15) to base 5
22230010
Convert -a76089 (base 11) to base 13.
-4834ba
Convert 270744 (base 9) to base 14.
43dd6
What is 1011001001100100000111 (base 2) in base 10?
2922759
What is 1587215 (base 9) in base 13?
24c75b
Convert 212030 (base 6) to base 15.
51d3
2044400122 (base 5) to base 6
232010351
What is 1210130233 (base 4) in base 7?
3332350
-a1ac5 (base 13) to base 9
-481302
What is 132111102 (base 4) in base 6?
2355110
10230322113 (base 4) to base 14
241263
What is -52a129 (base 11) in base 14?
-181075
-2a00c (base 14) to base 10
-104284
What is 1272d7 (base 14) in base 2?
10011010111001001101
Convert -1021024132 (base 5) to base 7.
-24035363
Convert -12a282 (base 11) to base 15.
-40685
-1083260 (base 10) to base 13
-2bc0a9
17d19 (base 16) to base 12
48561
What is -62526 (base 10) in base 4?
-33100332
What is 21222001020 (base 3) in base 4?
212101200
What is -21120104 (base 6) in base 4?
-2112213220
210202101013 (base 4) to base 3
200000120220211
What is -3129 (base 15) in base 11?
-7895
What is 34edf (base 16) in base 13?
778ab
Convert -1015166 (base 9) to base 6.
-15340140
Convert 12413410 (base 5) to base 15.
2668a
What is 3410402223 (base 5) in base 15?
9d6043
222201221200 (base 3) to base 15
a5e1c
What is 10120201202210 (base 3) in base 4?
13100311230
-76856 (base 13) to base 8
-643004
831872 (base 9) to base 14
cbbd3
What is 994163 (base 12) in base 2?
1001010010000011011011
Convert 12607d (base 14) to base 7.
5236216
-4532540 (base 6) to base 9
-380476
What is 23c870 (base 13) in base 7?
10163564
-31231213 (base 6) to base 9
-1631060
144311144 (base 5) to base 13
21216b
Convert -14243423 (base 5) to base 15.
-2e60d
Convert 3302101 (base 6) to base 4.
213332311
24110231 (base 5) to base 4
312111212
What is -133313434 (base 6) in base 7?
-31551331
Convert 21510206 (base 8) to base 6.
243041450
What is 1319028 (base 10) in base 12?
5373b0
85284 (base 10) to base 15
1a409
-40543011 (base 6) to base 5
-244230323
-8ab120 (base 12) to base 7
-24563055
Convert 95a73c (base 13) to base 9.
6535524
-41110001 (base 5) to base 13
-b809c
Convert -110100111221221 (base 3) to base 6.
-352411424
-144201243 (base 5) to base 13
-210563
2403355 (base 8) to base 15
cea8d
Convert 222122032 (base 4) to base 3.
22211021201
What is 1046be8 (base 15) in base 11?
6614362
Convert 1344451 (base 11) to base 14.
445250
Convert -29661 (base 16) to base 15.
-35399
Convert 937843 (base 11) to base 4.
11233013202
3045401 (base 6) to base 10
146377
123524030 (base 6) to base 9
4501080
-68025